{"id":2253,"date":"2021-06-28T12:33:12","date_gmt":"2021-06-28T10:33:12","guid":{"rendered":"https:\/\/metart.metropolitan.ac.rs\/?page_id=2253"},"modified":"2023-06-22T17:50:22","modified_gmt":"2023-06-22T15:50:22","slug":"kompoziting-u-grafickom-dizajnu","status":"publish","type":"page","link":"https:\/\/metart.metropolitan.ac.rs\/2023\/kompoziting-u-grafickom-dizajnu\/","title":{"rendered":"Kompoziting u grafi\u010dkom dizajnu"},"content":{"rendered":"<div id=\"jig1\" class=\"justified-image-grid jig-c28c235ce974590d61b610a134329e75 jig-preset-global\"><div class=\"jig-clearfix\"><\/div><noscript id=\"jig1-html\" class=\"justified-image-grid-html\" data-lazy-src=\"skiplazyload\" data-src=\"skipunveillazyload\"><ul><li><a href=\"https:\/\/metart.metropolitan.ac.rs\/2023\/wp-content\/uploads\/2023\/06\/Una-Markovic-AD372-kompoziting-u-grafickom-dizajnu-1024x575.jpg\"><img loading=\"lazy\" decoding=\"async\" src=\"https:\/\/metart.metropolitan.ac.rs\/2023\/wp-content\/plugins\/justified-image-grid\/timthumb.php?src=https%3A%2F%2Fmetart.metropolitan.ac.rs%2F2023%2Fwp-content%2Fuploads%2F2023%2F06%2FUna-Markovic-AD372-kompoziting-u-grafickom-dizajnu-1024x575.jpg&amp;h=380&amp;q=90&amp;f=.jpg\" alt=\"Una Markovi\u0107 - AD372 - kompoziting u grafi\u010dkom dizajnu\" width=\"676\" height=\"380\" \/><\/a><p class=\"jig-HTMLdescription\">Una Markovi\u0107 - AD372 - kompoziting u grafi\u010dkom dizajnu<br\/><\/p><\/li><li><a href=\"https:\/\/metart.metropolitan.ac.rs\/2023\/wp-content\/uploads\/2023\/06\/Andjela-Bicic-AD372-kompoziting-u-grafickom-dizajnu-2-1024x575.jpg\"><img loading=\"lazy\" decoding=\"async\" src=\"https:\/\/metart.metropolitan.ac.rs\/2023\/wp-content\/plugins\/justified-image-grid\/timthumb.php?src=https%3A%2F%2Fmetart.metropolitan.ac.rs%2F2023%2Fwp-content%2Fuploads%2F2023%2F06%2FAndjela-Bicic-AD372-kompoziting-u-grafickom-dizajnu-2-1024x575.jpg&amp;h=380&amp;q=90&amp;f=.jpg\" alt=\"An\u0111ela Bici\u0107 - AD372 - kompoziting u grafi\u010dkom dizajnu (2)\" width=\"676\" height=\"380\" \/><\/a><p class=\"jig-HTMLdescription\">An\u0111ela Bici\u0107 - AD372 - kompoziting u grafi\u010dkom dizajnu (2)<br\/><\/p><\/li><li><a href=\"https:\/\/metart.metropolitan.ac.rs\/2023\/wp-content\/uploads\/2023\/06\/Andjela-Bicic-AD372-kompoziting-u-grafickom-dizajnu-1024x575.jpg\"><img loading=\"lazy\" decoding=\"async\" src=\"https:\/\/metart.metropolitan.ac.rs\/2023\/wp-content\/plugins\/justified-image-grid\/timthumb.php?src=https%3A%2F%2Fmetart.metropolitan.ac.rs%2F2023%2Fwp-content%2Fuploads%2F2023%2F06%2FAndjela-Bicic-AD372-kompoziting-u-grafickom-dizajnu-1024x575.jpg&amp;h=380&amp;q=90&amp;f=.jpg\" alt=\"An\u0111ela Bici\u0107 - AD372 - kompoziting u grafi\u010dkom dizajnu\" width=\"676\" height=\"380\" \/><\/a><p class=\"jig-HTMLdescription\">An\u0111ela Bici\u0107 - AD372 - kompoziting u grafi\u010dkom dizajnu<br\/><\/p><\/li><li><a href=\"https:\/\/metart.metropolitan.ac.rs\/2023\/wp-content\/uploads\/2023\/06\/Andriana-Danilovic-AD372-kompoziting-u-grafickom-dizajnu-1024x575.jpg\"><img loading=\"lazy\" decoding=\"async\" src=\"https:\/\/metart.metropolitan.ac.rs\/2023\/wp-content\/plugins\/justified-image-grid\/timthumb.php?src=https%3A%2F%2Fmetart.metropolitan.ac.rs%2F2023%2Fwp-content%2Fuploads%2F2023%2F06%2FAndriana-Danilovic-AD372-kompoziting-u-grafickom-dizajnu-1024x575.jpg&amp;h=380&amp;q=90&amp;f=.jpg\" alt=\"Andriana Danilovi\u0107 - AD372 - kompoziting u grafi\u010dkom dizajnu\" width=\"676\" height=\"380\" \/><\/a><p class=\"jig-HTMLdescription\">Andriana Danilovi\u0107 - AD372 - kompoziting u grafi\u010dkom dizajnu<br\/><\/p><\/li><li><a href=\"https:\/\/metart.metropolitan.ac.rs\/2023\/wp-content\/uploads\/2023\/06\/Fazila-Rizibegovic-AD372-kompoziting-u-grafickom-dizajnu-1024x575.jpg\"><img loading=\"lazy\" decoding=\"async\" src=\"https:\/\/metart.metropolitan.ac.rs\/2023\/wp-content\/plugins\/justified-image-grid\/timthumb.php?src=https%3A%2F%2Fmetart.metropolitan.ac.rs%2F2023%2Fwp-content%2Fuploads%2F2023%2F06%2FFazila-Rizibegovic-AD372-kompoziting-u-grafickom-dizajnu-1024x575.jpg&amp;h=380&amp;q=90&amp;f=.jpg\" alt=\"Fazila Rizibegovi\u0107 - AD372 - kompoziting u grafi\u010dkom dizajnu\" width=\"676\" height=\"380\" \/><\/a><p class=\"jig-HTMLdescription\">Fazila Rizibegovi\u0107 - AD372 - kompoziting u grafi\u010dkom dizajnu<br\/><\/p><\/li><li><a href=\"https:\/\/metart.metropolitan.ac.rs\/2023\/wp-content\/uploads\/2023\/06\/Jovana-Vasic-AD372-kompoziting-u-grafickom-dizajnu-1024x575.jpg\"><img loading=\"lazy\" decoding=\"async\" src=\"https:\/\/metart.metropolitan.ac.rs\/2023\/wp-content\/plugins\/justified-image-grid\/timthumb.php?src=https%3A%2F%2Fmetart.metropolitan.ac.rs%2F2023%2Fwp-content%2Fuploads%2F2023%2F06%2FJovana-Vasic-AD372-kompoziting-u-grafickom-dizajnu-1024x575.jpg&amp;h=380&amp;q=90&amp;f=.jpg\" alt=\"Jovana Vasi\u0107 - AD372 - kompoziting u grafi\u010dkom dizajnu\" width=\"676\" height=\"380\" \/><\/a><p class=\"jig-HTMLdescription\">Jovana Vasi\u0107 - AD372 - kompoziting u grafi\u010dkom dizajnu<br\/><\/p><\/li><li><a href=\"https:\/\/metart.metropolitan.ac.rs\/2023\/wp-content\/uploads\/2023\/06\/Marija-Lakicevic-AD355-kompoziting-u-grafickom-dizajnu-1024x576.jpg\"><img loading=\"lazy\" decoding=\"async\" src=\"https:\/\/metart.metropolitan.ac.rs\/2023\/wp-content\/plugins\/justified-image-grid\/timthumb.php?src=https%3A%2F%2Fmetart.metropolitan.ac.rs%2F2023%2Fwp-content%2Fuploads%2F2023%2F06%2FMarija-Lakicevic-AD355-kompoziting-u-grafickom-dizajnu-1024x576.jpg&amp;h=380&amp;q=90&amp;f=.jpg\" alt=\"Marija Laki\u0107evi\u0107 - AD355 - kompoziting u grafi\u010dkom dizajnu\" width=\"675\" height=\"380\" \/><\/a><p class=\"jig-HTMLdescription\">Marija Laki\u0107evi\u0107 - AD355 - kompoziting u grafi\u010dkom dizajnu<br\/><\/p><\/li><li><a href=\"https:\/\/metart.metropolitan.ac.rs\/2023\/wp-content\/uploads\/2023\/06\/Mina-Milosavljevic-AD372-kompoziting-u-grafickom-dizajnu-1024x575.jpg\"><img loading=\"lazy\" decoding=\"async\" src=\"https:\/\/metart.metropolitan.ac.rs\/2023\/wp-content\/plugins\/justified-image-grid\/timthumb.php?src=https%3A%2F%2Fmetart.metropolitan.ac.rs%2F2023%2Fwp-content%2Fuploads%2F2023%2F06%2FMina-Milosavljevic-AD372-kompoziting-u-grafickom-dizajnu-1024x575.jpg&amp;h=380&amp;q=90&amp;f=.jpg\" alt=\"Mina Milosavljevi\u0107 - AD372 - kompoziting u grafi\u010dkom dizajnu\" width=\"676\" height=\"380\" \/><\/a><p class=\"jig-HTMLdescription\">Mina Milosavljevi\u0107 - AD372 - kompoziting u grafi\u010dkom dizajnu<br\/><\/p><\/li><li><a href=\"https:\/\/metart.metropolitan.ac.rs\/2023\/wp-content\/uploads\/2023\/06\/Neda-Petkovic-AD372-kompoziting-u-grafickom-dizajnu-2-1024x575.jpg\"><img loading=\"lazy\" decoding=\"async\" src=\"https:\/\/metart.metropolitan.ac.rs\/2023\/wp-content\/plugins\/justified-image-grid\/timthumb.php?src=https%3A%2F%2Fmetart.metropolitan.ac.rs%2F2023%2Fwp-content%2Fuploads%2F2023%2F06%2FNeda-Petkovic-AD372-kompoziting-u-grafickom-dizajnu-2-1024x575.jpg&amp;h=380&amp;q=90&amp;f=.jpg\" alt=\"Neda Petkovi\u0107 - AD372 - kompoziting u grafi\u010dkom dizajnu (2)\" width=\"676\" height=\"380\" \/><\/a><p class=\"jig-HTMLdescription\">Neda Petkovi\u0107 - AD372 - kompoziting u grafi\u010dkom dizajnu (2)<br\/><\/p><\/li><li><a href=\"https:\/\/metart.metropolitan.ac.rs\/2023\/wp-content\/uploads\/2023\/06\/Neda-Petkovic-AD372-kompoziting-u-grafickom-dizajnu-1024x575.jpg\"><img loading=\"lazy\" decoding=\"async\" src=\"https:\/\/metart.metropolitan.ac.rs\/2023\/wp-content\/plugins\/justified-image-grid\/timthumb.php?src=https%3A%2F%2Fmetart.metropolitan.ac.rs%2F2023%2Fwp-content%2Fuploads%2F2023%2F06%2FNeda-Petkovic-AD372-kompoziting-u-grafickom-dizajnu-1024x575.jpg&amp;h=380&amp;q=90&amp;f=.jpg\" alt=\"Neda Petkovi\u0107 - AD372 - kompoziting u grafi\u010dkom dizajnu\" width=\"676\" height=\"380\" \/><\/a><p class=\"jig-HTMLdescription\">Neda Petkovi\u0107 - AD372 - kompoziting u grafi\u010dkom dizajnu<br\/><\/p><\/li><li><a href=\"https:\/\/metart.metropolitan.ac.rs\/2023\/wp-content\/uploads\/2023\/06\/Simona-Stojanovic-AD372-kompoziting-u-grafickom-dizajnu-2-1024x575.jpg\"><img loading=\"lazy\" decoding=\"async\" src=\"https:\/\/metart.metropolitan.ac.rs\/2023\/wp-content\/plugins\/justified-image-grid\/timthumb.php?src=https%3A%2F%2Fmetart.metropolitan.ac.rs%2F2023%2Fwp-content%2Fuploads%2F2023%2F06%2FSimona-Stojanovic-AD372-kompoziting-u-grafickom-dizajnu-2-1024x575.jpg&amp;h=380&amp;q=90&amp;f=.jpg\" alt=\"Simona Stojanovi\u0107 - AD372 - kompoziting u grafi\u010dkom dizajnu (2)\" width=\"676\" height=\"380\" \/><\/a><p class=\"jig-HTMLdescription\">Simona Stojanovi\u0107 - AD372 - kompoziting u grafi\u010dkom dizajnu (2)<br\/><\/p><\/li><li><a href=\"https:\/\/metart.metropolitan.ac.rs\/2023\/wp-content\/uploads\/2023\/06\/Simona-Stojanovic-AD372-kompoziting-u-grafickom-dizajnu-1024x575.jpg\"><img loading=\"lazy\" decoding=\"async\" src=\"https:\/\/metart.metropolitan.ac.rs\/2023\/wp-content\/plugins\/justified-image-grid\/timthumb.php?src=https%3A%2F%2Fmetart.metropolitan.ac.rs%2F2023%2Fwp-content%2Fuploads%2F2023%2F06%2FSimona-Stojanovic-AD372-kompoziting-u-grafickom-dizajnu-1024x575.jpg&amp;h=380&amp;q=90&amp;f=.jpg\" alt=\"Simona Stojanovi\u0107 - AD372 - kompoziting u grafi\u010dkom dizajnu\" width=\"676\" height=\"380\" \/><\/a><p class=\"jig-HTMLdescription\">Simona Stojanovi\u0107 - AD372 - kompoziting u grafi\u010dkom dizajnu<br\/><\/p><\/li><li><a href=\"https:\/\/metart.metropolitan.ac.rs\/2023\/wp-content\/uploads\/2023\/06\/Teodora-Stankovic-AD372-kompoziting-u-grafickom-dizajnu-1024x575.jpg\"><img loading=\"lazy\" decoding=\"async\" src=\"https:\/\/metart.metropolitan.ac.rs\/2023\/wp-content\/plugins\/justified-image-grid\/timthumb.php?src=https%3A%2F%2Fmetart.metropolitan.ac.rs%2F2023%2Fwp-content%2Fuploads%2F2023%2F06%2FTeodora-Stankovic-AD372-kompoziting-u-grafickom-dizajnu-1024x575.jpg&amp;h=380&amp;q=90&amp;f=.jpg\" alt=\"Teodora Stankovi\u0107 - AD372 - kompoziting u grafi\u010dkom dizajnu\" width=\"676\" height=\"380\" \/><\/a><p class=\"jig-HTMLdescription\">Teodora Stankovi\u0107 - AD372 - kompoziting u grafi\u010dkom dizajnu<br\/><\/p><\/li><\/ul><\/noscript><\/div>\n","protected":false},"excerpt":{"rendered":"","protected":false},"author":2,"featured_media":0,"parent":0,"menu_order":0,"comment_status":"closed","ping_status":"closed","template":"page-puna.php","meta":{"footnotes":""},"_links":{"self":[{"href":"https:\/\/metart.metropolitan.ac.rs\/2023\/wp-json\/wp\/v2\/pages\/2253"}],"collection":[{"href":"https:\/\/metart.metropolitan.ac.rs\/2023\/wp-json\/wp\/v2\/pages"}],"about":[{"href":"https:\/\/metart.metropolitan.ac.rs\/2023\/wp-json\/wp\/v2\/types\/page"}],"author":[{"embeddable":true,"href":"https:\/\/metart.metropolitan.ac.rs\/2023\/wp-json\/wp\/v2\/users\/2"}],"replies":[{"embeddable":true,"href":"https:\/\/metart.metropolitan.ac.rs\/2023\/wp-json\/wp\/v2\/comments?post=2253"}],"version-history":[{"count":0,"href":"https:\/\/metart.metropolitan.ac.rs\/2023\/wp-json\/wp\/v2\/pages\/2253\/revisions"}],"wp:attachment":[{"href":"https:\/\/metart.metropolitan.ac.rs\/2023\/wp-json\/wp\/v2\/media?parent=2253"}],"curies":[{"name":"wp","href":"https:\/\/api.w.org\/{rel}","templated":true}]}}