{"id":30,"date":"2020-07-08T12:52:44","date_gmt":"2020-07-08T10:52:44","guid":{"rendered":"https:\/\/metart.metropolitan.ac.rs\/?page_id=30"},"modified":"2024-07-16T18:40:51","modified_gmt":"2024-07-16T16:40:51","slug":"naslovna","status":"publish","type":"page","link":"https:\/\/metart.metropolitan.ac.rs\/2023\/","title":{"rendered":"Naslovna"},"content":{"rendered":"<p><video autoplay=\"\" muted=\"\" loop=\"\" playsinline=\"\" style=\"width:100%;\"><source src=\"https:\/\/metart.metropolitan.ac.rs\/2023\/wp-content\/uploads\/2023\/06\/dizajnum11-slide.mp4\" type=\"video\/mp4\"><\/video><\/p>\n<div style=\"display:flex; align-items:center;\">\n<iframe loading=\"lazy\" width=\"560\" height=\"315\" src=\"https:\/\/www.youtube.com\/embed\/6FiVuUbTJiY\" title=\"Godi\u0161nja izlo\u017eba studenata Fakulteta digitalnih umetnosti - DizajnUM11\" frameborder=\"0\" allow=\"accelerometer; autoplay; clipboard-write; encrypted-media; gyroscope; picture-in-picture\" allowfullscreen class=\"mt__30\" style=\"margin: 0 auto;\"><\/iframe>\n<\/div>\n<div class=\"jas-container mt__50 mb__40\">\n<div class=\"black-b\">\n<div style=\"display:flex; align-items:center;\">\n<\/div>\n<p>Jedanaesta godi\u0161nja izlo\u017eba radova studenata Fakulteta digitalnih umetnosti, Univerziteta Metropolitan iz Beograda i Ni\u0161a DizajnUM11 i \u010detvrta digitalna izlo\u017eba, vizuelno komunicira sa posmatra\u010dima, u svetu bez granica.<\/p>\n<p>Studenti Fakulteta digitalnih umetnosti u okviru transdisciplinarnog: grafi\u010dkog, interaktivnog i modnog dizajna odgovaraju izazovima savremene umetnosti. Hrabro i provokativno svojim radovima studenti preispituju stavove o dru\u0161tvenoj odgovornosti, odr\u017eivom dizajnu i rodnoj ravnopravnosti.<\/p>\n<p>U radu sa profesorima Fakulteta digitalnih umetnosti studenti su savladali dizajnersku pismenost, brojne teorijske i stru\u010dno umetni\u010dke studijske programe, a njihovi radovi su kvalitetni autorski iskorak u novom alternativnom vi\u0111enju dizajna i umetnosti.<\/p>\n<p>Izlo\u017eba studenata ro\u0111enih nakon 2000. godine, radovima nastalim u turbulentnom vremenu razli\u010ditosti, nalaze\u0107i red u dizajnu iz haosa spolja\u0161njeg sveta, postavlja pitanje kome umetnost i dizajn pripadaju danas.<\/p>\n<p><b>prof. dr Svetlana Smol\u010di\u0107 Makuljevi\u0107<\/b><\/p>\n<\/div>\n<div class=\"jas-row\">\n<div class=\"jas-col-md-4 jas-col-sm-4 jas-col-xs-12\">\n<div class=\"meni\">\n<a href=\"https:\/\/metart.metropolitan.ac.rs\/2023\/graficki-dizajn\/\">Grafi\u010dki dizajn<\/a>\n<\/div>\n<\/div>\n<div class=\"jas-col-md-4 jas-col-sm-4 jas-col-xs-12\">\n<div class=\"meni\">\n<a href=\"https:\/\/metart.metropolitan.ac.rs\/2023\/dizajn-interaktivnih-medija\/\">Dizajn interaktivnih medija<\/a>\n<\/div>\n<\/div>\n<div class=\"jas-col-md-4 jas-col-sm-4 jas-col-xs-12\">\n<div class=\"meni\">\n<a href=\"https:\/\/metart.metropolitan.ac.rs\/2023\/modni-dizajn\/\">Modni dizajn<\/a>\n<\/div>\n<\/div>\n<\/div>\n<div class=\"jas-row\">\n<div class=\"jas-col-md-12 jas-col-sm-12 jas-col-xs-12\">\n<div class=\"meni povelje upis\">\n<a href=\"https:\/\/www.metropolitan.ac.rs\/upis\/\" target=\"_blank\" rel=\"noopener\">Upis<\/a>\n<\/div>\n<div class=\"meni povelje upis\">\n<a href=\"https:\/\/metart.metropolitan.ac.rs\/2022\/ \" target=\"_blank\" rel=\"noopener\" style=\"background:#b823a6 !important;\"><img decoding=\"async\" src=\"https:\/\/metart.metropolitan.ac.rs\/2023\/wp-content\/uploads\/2023\/06\/logo-10-compressed.png\" alt=\"Dizajn UM 9\"><\/a>\n<\/div>\n<\/div>\n<\/div>\n<div class=\"jas-row\">\n<div style=\"text-align:center;margin-top: 50px;width: 100%;margin-bottom:50px;\">\n<span style=\"color:white; font-size: 18px;\">Medijski partneri:<\/span><\/p>\n<div style=\"display:flex;justify-content: space-between;\">\n<iframe loading=\"lazy\" width=\"560\" height=\"315\" src=\"https:\/\/www.youtube.com\/embed\/_GySyL8Bg68\" title=\"RTS JUTARNJI PROGRAM - Izlo\u017eba radova studenata Fakulteta digitalnih umetnosti\" frameborder=\"0\" allow=\"accelerometer; autoplay; clipboard-write; encrypted-media; gyroscope; picture-in-picture\" allowfullscreen class=\"mt__30\"><\/iframe><br \/>\n<iframe loading=\"lazy\" width=\"560\" height=\"315\" src=\"https:\/\/www.youtube.com\/embed\/u3zS4O3WIw4\" title=\"Tre\u0107a smena: Luka Raji\u0107, Madlena Da\u0161i\u0107, Maja \u0160u\u0161a, &quot;Squid game&quot; rijaliti (21.6.2023)\" frameborder=\"0\" allow=\"accelerometer; autoplay; clipboard-write; encrypted-media; gyroscope; picture-in-picture\" allowfullscreen class=\"mt__30\"><\/iframe>\n<\/div>\n<\/div>\n<\/div>\n<p><script src=\"https:\/\/cdn.jsdelivr.net\/npm\/vanta@latest\/dist\/vanta.halo.min.js\"><\/script><\/p>\n<style>.povelje.upis a { background: #a70532 !important; color: #FFF !important; } .povelje.upis a:hover { background: #d8023d !important; } .vanta-canvas { display: none; } @media only screen and (max-width: 600px) {video { transform: scale(1.5); margin-top: 20px; margin-left:-20px;\" }}<\/style>\n","protected":false},"excerpt":{"rendered":"<p>Jedanaesta godi\u0161nja izlo\u017eba radova studenata Fakulteta digitalnih umetnosti, Univerziteta Metropolitan iz Beograda i Ni\u0161a DizajnUM11 i \u010detvrta digitalna izlo\u017eba, vizuelno komunicira sa posmatra\u010dima, u svetu bez granica. Studenti Fakulteta digitalnih umetnosti u okviru transdisciplinarnog: grafi\u010dkog, interaktivnog i modnog dizajna odgovaraju izazovima savremene umetnosti. Hrabro i provokativno svojim radovima studenti preispituju stavove o dru\u0161tvenoj odgovornosti, odr\u017eivom [&hellip;]<\/p>\n","protected":false},"author":1,"featured_media":0,"parent":0,"menu_order":0,"comment_status":"closed","ping_status":"closed","template":"page-puna.php","meta":{"footnotes":""},"_links":{"self":[{"href":"https:\/\/metart.metropolitan.ac.rs\/2023\/wp-json\/wp\/v2\/pages\/30"}],"collection":[{"href":"https:\/\/metart.metropolitan.ac.rs\/2023\/wp-json\/wp\/v2\/pages"}],"about":[{"href":"https:\/\/metart.metropolitan.ac.rs\/2023\/wp-json\/wp\/v2\/types\/page"}],"author":[{"embeddable":true,"href":"https:\/\/metart.metropolitan.ac.rs\/2023\/wp-json\/wp\/v2\/users\/1"}],"replies":[{"embeddable":true,"href":"https:\/\/metart.metropolitan.ac.rs\/2023\/wp-json\/wp\/v2\/comments?post=30"}],"version-history":[{"count":0,"href":"https:\/\/metart.metropolitan.ac.rs\/2023\/wp-json\/wp\/v2\/pages\/30\/revisions"}],"wp:attachment":[{"href":"https:\/\/metart.metropolitan.ac.rs\/2023\/wp-json\/wp\/v2\/media?parent=30"}],"curies":[{"name":"wp","href":"https:\/\/api.w.org\/{rel}","templated":true}]}}